20101011
In base 5, what is 10313 - 443021?
-432203
In base 8, what is 6 + -153254246?
-153254240
In base 5, what is 12 - -4340344111?
4340344123
In base 13, what is -4 - -1ba4823?
1ba481c
In base 13, what is 6917 - -13839?
1a453
In base 8, what is -5 + -615716711?
-615716716
In base 9, what is 11 - 506887?
-506876
In base 10, what is 4693 - 68109?
-63416
In base 8, what is 2 - -120631167?
120631171
In base 9, what is 111822 + 2841?
114763
In base 10, what is -10 - 6562622?
-6562632
In base 2, what is 111101010100001111000 - -11111?
111101010100010010111
In base 14, what is 4 + 1bc32766?
1bc3276a
In base 6, what is -4324413405 + -12?
-4324413421
In base 10, what is -171714560 + 0?
-171714560
In base 15, what is -7a98 - -291?
-7807
In base 5, what is 24 + -431333134?
-431333110
In base 11, what is -19 + -44030a2?
-4403110
In base 5, what is 232104343 + -320?
232104023
In base 5, what is -43303223 - 110?
-43303333
In base 11, what is -2 + -3944350?
-3944352
In base 9, what is -4287 + 7288?
3001
In base 9, what is 34175 - 8465?
24610
In base 11, what is -6405a039 - -3?
-6405a036
In base 12, what is 3 + 6a399b6?
6a399b9
In base 13, what is 137398 + -1b1?
1371b7
In base 10, what is -105 - -490636?
490531
In base 12, what is -4 + -1a54489?
-1a54491
In base 14, what is 5037 - 59?
4dbc
In base 2, what is -10011101 - 11100101111000010?
-11100110001011111
In base 4, what is -12 + -11230232212031?
-11230232212103
In base 8, what is 1 - -7563471?
7563472
In base 16, what is dd498a + 2?
dd498c
In base 2, what is -11011011 + 1010101011010100110011?
1010101011010001011000
In base 4, what is 3 - -21313311231?
21313311300
In base 10, what is -79 - -935159?
935080
In base 14, what is -2 - 3baca8?
-3bacaa
In base 11, what is -7 - 1035824?
-1035830
In base 7, what is -430 - -1204364?
1203634
In base 14, what is -2 + 1276216?
1276214
In base 13, what is -5 + -1b9a5bc7?
-1b9a5bcc
In base 11, what is 85a067 - -a?
85a076
In base 13, what is 17ca9 - -8a?
18066
In base 11, what is 139a80 + 6?
139a86
In base 16, what is 767 - -3a102?
3a869
In base 13, what is 1c2392 - -15?
1c23a7
In base 3, what is -22212022 - -1211?
-22210111
In base 6, what is 0 - 4000212503?
-4000212503
In base 6, what is 51 + 122112412?
122112503
In base 8, what is 160 + -620375?
-620215
In base 12, what is 124b0 + -2328?
10184
In base 15, what is -2c - 1abb934?
-1abb961
In base 13, what is -14b48 - -cb2?
-13b66
In base 10, what is 455117 - -28?
455145
In base 8, what is 2 + 231274566?
231274570
In base 8, what is 1553 + -2666?
-1113
In base 6, what is 250 - -35040?
35330
In base 5, what is -211 + -2324222?
-2324433
In base 9, what is -45656 + -3268?
-50035
In base 13, what is 129657 + 6?
129660
In base 3, what is -2 + -102010112020222212?
-102010112020222221
In base 16, what is 3ea + -ad9c1?
-ad5d7
In base 7, what is 5 - 440013224?
-440013216
In base 14, what is -d093 - -1162?
-bd31
In base 7, what is -6500 - 1215?
-11015
In base 12, what is a + -1068b74?
-1068b66
In base 4, what is -11101231122 + 3?
-11101231113
In base 7, what is 36 - 623101130?
-623101061
In base 6, what is 101231 - 2544?
54243
In base 11, what is -9 - -99798?
9978a
In base 3, what is -212 + 100010202220?
100010202001
In base 4, what is -2001 - -1211200?
1203133
In base 16, what is 799513 + 3c?
79954f
In base 8, what is 1711 + 10474?
12405
In base 15, what is -6 - 240a7bb?
-240a7c2
In base 4, what is 212313 + 21312313?
22131232
In base 7, what is -60 - 120110130?
-120110220
In base 14, what is -2c9643a9 + 2?
-2c9643a7
In base 16, what is -eff4b + -7?
-eff52
In base 15, what is 20ea14 + -3?
20ea11
In base 11, what is -3 + -1965792?
-1965795
In base 12, what is 30074 + 104a?
31102
In base 9, what is -5566 + 3771?
-1685
In base 4, what is -2 - 11231030112011?
-11231030112013
In base 7, what is 36453533 + -61?
36453442
In base 8, what is 17625750 + 1?
17625751
In base 10, what is -2 + -41273804?
-41273806
In base 3, what is -2202020 + -11220120?
-21122210
In base 11, what is -23 + 1974531?
1974509
In base 12, what is -6 + -8565997?
-85659a1
In base 12, what is -4 - 8173b552?
-8173b556
In base 3, what is -1211102102020 + 102?
-1211102101211
In base 11, what is 49 + 103175?
103213
In base 7, what is -511042521 + 2?
-511042516
In base 2, what is -101010011010111 - 11111100?
-101010111010011
In base 13, what is -7128 - 326?
-7451
In base 4, what is -333323 - 31001?
-1030330
In base 9, what is -17033 + 67035?
50002
In base 8, what is -54 + -1652420?
-1652474
In base 15, what is -321 + 104b0?
1018e
In base 8, what is -206561116 + -5?
-206561123
In base 2, what is -10 + 1110010010001010101110011?
1110010010001010101110001
In base 2, what is 1110000100010001011101011111 - 11?
1110000100010001011101011100
In base 13, what is 1 - 99c495?
-99c494
In base 12, what is 127 + -53a22b?
-53a104
In base 8, what is 60764 + 36154?
117140
In base 7, what is 1046050 - 2?
1046045
In base 8, what is 10522062 - -170?
10522252
In base 16, what is 2f + ed539?
ed568
In base 12, what is -8 - -34337a55?
34337a49
In base 14, what is -29980 - -85?
-298d9
In base 14, what is 11864aa + 0?
11864aa
In base 11, what is 1a473298 - 2a?
1a473269
In base 7, what is 4013152 - 3?
4013146
In base 6, what is 1001355 - -2454?
1004253
In base 14, what is -203d - -24722?
226c3
In base 7, what is 4 - -165654131?
165654135
In base 15, what is 77955b - -71?
7795cc
In base 6, what is 5 + -311511514?
-311511505
In base 9, what is 23571033 + 1?
23571034
In base 11, what is 2770a0 - -712?
277802
In base 12, what is -577396 - 1?
-577397
In base 4, what is 23001 - -10233211?
10322212
In base 13, what is -1017 - -1711?
6c7
In base 7, what is 5532 - -12102?
20634
In base 2, what is -1011011000001 + -1101001?
-1011100101010
In base 5, what is 3 + 20310034420?
20310034423
In base 3, what is 10120020211122 + 2?
10120020211201
In base 14, what is -4138d1 + -24?
-413915
In base 12, what is -1044511 - -2?
-104450b
In base 16, what is 1 + -110e58?
-110e57
In base 3, what is 2 + -2001201010112221?
-2001201010112212
In base 10, what is 4 - -63337212?
63337216
In base 3, what is -20102212021100 + -11?
-20102212021111
In base 8, what is -111677 + 152?
-111525
In base 9, what is -3 - 1678066?
-1678070
In base 11, what is 16946 - -2089a?
37735
In base 9, what is 12045536 - 108?
12045427
In base 13, what is -2957 + -3b815?
-4146c
In base 15, what is -30 + 7b1e?
7ade
In base 9, what is 6707304072 - 5?
6707304066
In base 5, what is 12122231312 - 1?
12122231311
In base 16, what is -129aef + 37?
-129ab8
In base 2, what is 101011111010000000001011 - -101?
101011111010000000010000
In base 8, what is 3 - 30616007?
-30616004
In base 9, what is 37576052 - -38?
37576101
In base 11, what is -3839 + -19804?
-22542
In base 8, what is -5557 + 433070?
425311
In base 14, what is 603a - -22d?
6269
In base 10, what is 17 + -1658675?
-1658658
In base 3, what is 1001122102021 - 202?
1001122101112
In base 12, what is 5a486 + 8?
5a492
In base 5, what is 402 + 2330004?
2330411
In base 14, what is -51 + 3118c?
3113b
In base 7, what is -4232002 - 33?
-4232035
In base 13, what is 5 - -2c64c86?
2c64c8b
In base 7, what is -2422230525 + -4?
-2422230532
In base 11, what is 164476302 + -4?
1644762a9
In base 4, what is -21031200002 - -2?
-21031200000
In base 6, what is -4 - 10222144?
-10222152
In base 7, what is 61632 - 100234?
-5302
In base 11, what is 26666218 + 0?
26666218
In base 7, what is 5134540 - 1?
5134536
In base 7, what is 5153 + -302110?
-263624
In base 6, what is -2200 + -40343?
-42543
In base 3, what is 0 - -2101100222101?
2101100222101
In base 11, what is -1 - -73210aa?
73210a9
In base 15, what is aa80 + 30c8?
db58
In base 10, what is -380036625 - -5?
-380036620
In base 12, what is -41 + -14a273b?
-14a2780
In base 3, what is -11120 + -111011000002?
-111011011122
In base 7, what is 53561651 - -10?
53561661
In base 8, what is -1 - 325567414?
-325567415
In base 7, what is 1110 - -22406?
23516
In base 4, what is 10211121222 + -3?
10211121213
In base 13, what is -775 + -66a6?
-714b
In base 12, what is 67092 - 1702?
65590
In base 7, what is 1256544354 + 2?
1256544356
In base 6, what is 3310542 - -241?
3311223
In base 4, what is -3130032330 - 122?
-3130033112
In base 12, what is -1400a02 - -9?
-14009b5
In base 5, what is -